{"id":27,"date":"2020-10-15T08:09:29","date_gmt":"2020-10-15T06:09:29","guid":{"rendered":"https:\/\/procesal-ods-ia.umh.es\/?page_id=27"},"modified":"2021-06-29T12:35:24","modified_gmt":"2021-06-29T10:35:24","slug":"equipo-investigador","status":"publish","type":"page","link":"https:\/\/procesal-ods-ia.umh.es\/ca\/equipo-investigador\/","title":{"rendered":"Equipo investigador"},"content":{"rendered":"<p><strong>OLGA FUENTES SORIANO<\/strong> <img loading=\"lazy\" src=\"https:\/\/procesal-ods-ia.umh.es\/files\/2020\/10\/IMG-20160129-WA0007-272x300.jpg\" alt=\"\" width=\"272\" height=\"300\" class=\"alignnone size-medium wp-image-30\" srcset=\"https:\/\/procesal-ods-ia.umh.es\/files\/2020\/10\/IMG-20160129-WA0007-272x300.jpg 272w, https:\/\/procesal-ods-ia.umh.es\/files\/2020\/10\/IMG-20160129-WA0007-768x849.jpg 768w, https:\/\/procesal-ods-ia.umh.es\/files\/2020\/10\/IMG-20160129-WA0007-927x1024.jpg 927w, https:\/\/procesal-ods-ia.umh.es\/files\/2020\/10\/IMG-20160129-WA0007.jpg 1448w\" sizes=\"(max-width: 272px) 100vw, 272px\" \/><br \/>\nCatedr\u00e1tica de Derecho procesal en la Universidad Miguel Hern\u00e1ndez de Elche, desde el a\u00f1o 2004. Se licenci\u00f3 en Derecho por la Universidad de Alicante en el a\u00f1o 1992 y se doctor\u00f3 por dicha Universidad en el a\u00f1o 1997 con una Tesis Doctoral sobre el procedimiento de ejecuci\u00f3n hipotecaria.<br \/>\nLa realizaci\u00f3n de la tesis doctoral marc\u00f3 una de las l\u00edneas de investigaci\u00f3n que ha mantenido durante toda su trayectoria profesional, especialmente porque el transcurso de los tiempos ha ido dando la raz\u00f3n a los problemas que en ella se denunciaron y las soluciones que ya se apuntaron (la imposibilidad de lanzar al ocupante inaudita parte \u2013factible en los a\u00f1os 90-, la inconstitucionalidad de un procedimiento que no daba audiencia al deudor \u2013salvo insuficientes supuestos tasados- o, en suma la configuraci\u00f3n de un sistema hipotecario que, en su conjunto, resultaba profundamente injusto al ciudadano). A parte de, en diversos art\u00edculos cient\u00edficos, esta tesis cristaliz\u00f3 en la monograf\u00eda El proceso de ejecuci\u00f3n hipotecaria, Edijus, 1998 . A la ejecuci\u00f3n hipotecaria se sumaron otras l\u00edneas de investigaci\u00f3n en el \u00e1mbito civil como las costas procesales (en la que cabe destacar su monograf\u00eda Las costas de la nueva LEC, Tirant lo Blanch, 2005); y, en el \u00e1mbito penal, sus investigaciones han girado en torno a determinados ejes como el estudio de Ministerio Fiscal y la fase de instrucci\u00f3n (en \u00e9ste \u00e1mbito es de destacar el libro La investigaci\u00f3n por el Fiscal en el proceso penal abreviado y en los juicios r\u00e1pidos. Perspectivas de futuro, Tirant lo Blanch, 2005), la violencia de g\u00e9nero (donde destaca junto a numerosos art\u00edculos, la monograf\u00eda El enjuiciamiento de la Violencia de G\u00e9nero, IUSTEL, 2009.) y los problemas probatorios que plantean las nuevas tecnolog\u00edas (cuyas tesis han sido difundidas en diversos art\u00edculos cient\u00edficos y cap\u00edtulos de libro que pueden consultarse en el CV facilitado).<br \/>\nSus publicaciones cient\u00edficas entre monograf\u00edas, art\u00edculos y cap\u00edtulos de libro se acercan a la centena; y junto a esta actividad investigadora destaca su participaci\u00f3n en Congresos seminarios y jornadas cient\u00edficas de car\u00e1cter nacional e internacional (que puedes consultarse en el CV facilitado).<br \/>\nSu dedicaci\u00f3n a las tareas docentes e investigadoras ha ido acompa\u00f1ada del desempe\u00f1o de relevantes cargos en el \u00e1mbito de la gesti\u00f3n universitaria entre los que cabe destacar sus nombramientos como Secretaria de la Facultad de Derecho, Secretaria General de la Universidad y Vicerrectora de Sociedades y fundaciones, todos ellos de la universidad de Alicante. En la actualidad es directora del M\u00e1ster universitario de abogac\u00eda que organizan conjuntamente la Universidad Miguel Hern\u00e1ndez y el Ilustre Colegio de Abogados de Elche.<br \/>\nEn el cap\u00edtulo de otros m\u00e9ritos de relevancia convendr\u00eda destacar su labor como asesora del Ministro de Justicia durante los a\u00f1os 2004-2006 y ha sido, asimismo, Magistrada suplente de la Audiencia Provincial de Alicante. En la actualidad y desde al a\u00f1o 1992 es colegiada no ejerciente del Ilustre Colegio de abogados de Elche. Es investigadora principal del proyecto de investigaci\u00f3n financiado por la Generalitat Valenciana, Conseller\u00eda d\u2019Educaci\u00f3 cultura i esports (AICO\/20017\/161) \u201cLa era digital: nuevos problemas para el Derecho\u201d.<\/p>\n<p><strong><br \/>\nPALOMA ARRABAL PLATERO (IP)<\/strong> <img loading=\"lazy\" src=\"https:\/\/procesal-ods-ia.umh.es\/files\/2020\/10\/20191029_193203-1-300x192.jpg\" alt=\"\" width=\"300\" height=\"192\" class=\"alignnone size-medium wp-image-39\" srcset=\"https:\/\/procesal-ods-ia.umh.es\/files\/2020\/10\/20191029_193203-1-300x192.jpg 300w, https:\/\/procesal-ods-ia.umh.es\/files\/2020\/10\/20191029_193203-1-768x491.jpg 768w, https:\/\/procesal-ods-ia.umh.es\/files\/2020\/10\/20191029_193203-1-1024x655.jpg 1024w\" sizes=\"(max-width: 300px) 100vw, 300px\" \/><br \/>\nLicenciada en Derecho por la Universidad Miguel Hern\u00e1ndez y Doctora en Derecho por esa misma Universidad en el Programa de excelencia de Doctorado en Ciencias Sociales y Jur\u00eddicas (2019) con la m\u00e1xima calificaci\u00f3n (sobresaliente Cum Laude por unanimidad) y la menci\u00f3n internacional. Tesis realizada con la ayuda econ\u00f3mica de la Fundaci\u00f3n Privada Manuel Serra Dom\u00ednguez. Asistencia a m\u00e1s de X horas de formaci\u00f3n espec\u00edfica en diversos cursos, jornadas y congresos.<br \/>\nPublicada una monograf\u00eda de m\u00e1s de cuatrocientas p\u00e1ginas en la prestigiosa editorial Tirant Lo Blanch, un cap\u00edtulo de libro en un libro colectivo de la misma editorial con ocho citas -y dos en prensa- y tres art\u00edculos (dos en la Revista General de Derecho Procesal (revista de nivel A, electr\u00f3nica con 34 \u00edndices Latindex) de los cuales, uno ha sido citado en nueve ocasiones; y el otro tiena una extensi\u00f3n de cuarenta p\u00e1ginas y ha sido aceptado en la editorial XXXX, en prensa). Las publicaciones se han realizado en editoriales de reconocido prestigio y sobre una pluralidad de temas propios de Derecho procesal: la videovigilancia en el \u00e1mbito laboral, la prueba tecnol\u00f3gica, la protecci\u00f3n del Derecho al honor, la intervenci\u00f3n policial de las comunicaciones, etc. Ponente de cursos, jornadas o congresos especializados en Derecho procesal.<br \/>\nDos estancias de investigaci\u00f3n internacionales predoctorales que suman un total de tres meses -en la Pontificia Universidad Cat\u00f3lica del Per\u00fa y en el Institut f\u00fcr Strafrecht und Strafprozessrecht, Albert-Ludwigs-Universit\u00e4t Freiburg im Breisgau (Alemania)-; una estancia nacional predoctoral en la Universidad de Alicante y una estancia posdoctoral en el Max-Planck-Institut f\u00fcr ausl\u00e4ndiches und internationales Privatrecht de Hamburgo (Alemania) de un mes y veinte d\u00edas. Coordinadora, secretaria, directora y moderadora de diversos seminarios, Congresos o jornadas de \u00e1mbito nacional o internacional. Miembro de grupos de investigaci\u00f3n de distintas Universidades.<br \/>\nProfesora ayudante en la Universidad Miguel Hern\u00e1ndez, con 763,2 horas de docencia impartida, tanto en Grado (en las asignaturas de Derecho procesal penal, Derecho procesal civil y Derecho procesal laboral), como en M\u00e1ster (en la asignatura de pr\u00e1ctica laboral especializada) con evaluaciones notables; adem\u00e1s de docencia internacional en la Pontificia Universidad Cat\u00f3lica del Per\u00fa. Participaci\u00f3n en redes y proyectos de innovaci\u00f3n docente y cinco cap\u00edtulos de libro de innovaci\u00f3n docente. Tutora de trece TFM del M\u00e1ster en Abogac\u00eda de la UMH, nueve TFG del Grado en Derecho y un TFG del Grado en Ciencias Pol\u00edticas y Gesti\u00f3n P\u00fablica y otro en Relaciones Laborales y Recursos Humanos. Participaci\u00f3n en el programa de divulgaci\u00f3n cient\u00edfica Onda Universitas, de Radio 5 (RNE).<\/p>\n<p><\/p>","protected":false},"excerpt":{"rendered":"<p>OLGA FUENTES SORIANO<br \/>\nCatedr\u00e1tica de Derecho procesal en la Universidad Miguel Hern\u00e1ndez de Elche, desde el a\u00f1o 2004. Se licenci\u00f3 en Derecho por la Universidad de Alicante en el a\u00f1o 1992 y se doctor\u00f3 por dicha Universidad en el a\u00f1o 1997 con una Tesis Doctoral sobre el procedimiento de ejecuci\u00f3n hipotecaria.<br \/>\nLa realizaci\u00f3n de la tesis [&#8230;]<\/p>\n","protected":false},"author":3350,"featured_media":0,"parent":0,"menu_order":50,"comment_status":"closed","ping_status":"closed","template":"","meta":{"_links_to":"","_links_to_target":""},"_links":{"self":[{"href":"https:\/\/procesal-ods-ia.umh.es\/ca\/wp-json\/wp\/v2\/pages\/27"}],"collection":[{"href":"https:\/\/procesal-ods-ia.umh.es\/ca\/wp-json\/wp\/v2\/pages"}],"about":[{"href":"https:\/\/procesal-ods-ia.umh.es\/ca\/wp-json\/wp\/v2\/types\/page"}],"author":[{"embeddable":true,"href":"https:\/\/procesal-ods-ia.umh.es\/ca\/wp-json\/wp\/v2\/users\/3350"}],"replies":[{"embeddable":true,"href":"https:\/\/procesal-ods-ia.umh.es\/ca\/wp-json\/wp\/v2\/comments?post=27"}],"version-history":[{"count":0,"href":"https:\/\/procesal-ods-ia.umh.es\/ca\/wp-json\/wp\/v2\/pages\/27\/revisions"}],"wp:attachment":[{"href":"https:\/\/procesal-ods-ia.umh.es\/ca\/wp-json\/wp\/v2\/media?parent=27"}],"curies":[{"name":"wp","href":"https:\/\/api.w.org\/{rel}","templated":true}]}}

<p><strong>OLGA FUENTES SORIANO</strong> <img loading="lazy" src="https://procesal-ods-ia.umh.es/files/2020/10/IMG-20160129-WA0007-272x300.jpg" alt="" width="272" height="300" class="alignnone size-medium wp-image-30" srcset="https://procesal-ods-ia.umh.es/files/2020/10/IMG-20160129-WA0007-272x300.jpg 272w, https://procesal-ods-ia.umh.es/files/2020/10/IMG-20160129-WA0007-768x849.jpg 768w, https://procesal-ods-ia.umh.es/files/2020/10/IMG-20160129-WA0007-927x1024.jpg 927w, https://procesal-ods-ia.umh.es/files/2020/10/IMG-20160129-WA0007.jpg 1448w" sizes="(max-width: 272px) 100vw, 272px" /><br />
Catedrática de Derecho procesal en la Universidad Miguel Hernández de Elche, desde el año 2004. Se licenció en Derecho por la Universidad de Alicante en el año 1992 y se doctoró por dicha Universidad en el año 1997 con una Tesis Doctoral sobre el procedimiento de ejecución hipotecaria.<br />
La realización de la tesis doctoral marcó una de las líneas de investigación que ha mantenido durante toda su trayectoria profesional, especialmente porque el transcurso de los tiempos ha ido dando la razón a los problemas que en ella se denunciaron y las soluciones que ya se apuntaron (la imposibilidad de lanzar al ocupante inaudita parte –factible en los años 90-, la inconstitucionalidad de un procedimiento que no daba audiencia al deudor –salvo insuficientes supuestos tasados- o, en suma la configuración de un sistema hipotecario que, en su conjunto, resultaba profundamente injusto al ciudadano). A parte de, en diversos artículos científicos, esta tesis cristalizó en la monografía El proceso de ejecución hipotecaria, Edijus, 1998 . A la ejecución hipotecaria se sumaron otras líneas de investigación en el ámbito civil como las costas procesales (en la que cabe destacar su monografía Las costas de la nueva LEC, Tirant lo Blanch, 2005); y, en el ámbito penal, sus investigaciones han girado en torno a determinados ejes como el estudio de Ministerio Fiscal y la fase de instrucción (en éste ámbito es de destacar el libro La investigación por el Fiscal en el proceso penal abreviado y en los juicios rápidos. Perspectivas de futuro, Tirant lo Blanch, 2005), la violencia de género (donde destaca junto a numerosos artículos, la monografía El enjuiciamiento de la Violencia de Género, IUSTEL, 2009.) y los problemas probatorios que plantean las nuevas tecnologías (cuyas tesis han sido difundidas en diversos artículos científicos y capítulos de libro que pueden consultarse en el CV facilitado).<br />
Sus publicaciones científicas entre monografías, artículos y capítulos de libro se acercan a la centena; y junto a esta actividad investigadora destaca su participación en Congresos seminarios y jornadas científicas de carácter nacional e internacional (que puedes consultarse en el CV facilitado).<br />
Su dedicación a las tareas docentes e investigadoras ha ido acompañada del desempeño de relevantes cargos en el ámbito de la gestión universitaria entre los que cabe destacar sus nombramientos como Secretaria de la Facultad de Derecho, Secretaria General de la Universidad y Vicerrectora de Sociedades y fundaciones, todos ellos de la universidad de Alicante. En la actualidad es directora del Máster universitario de abogacía que organizan conjuntamente la Universidad Miguel Hernández y el Ilustre Colegio de Abogados de Elche.<br />
En el capítulo de otros méritos de relevancia convendría destacar su labor como asesora del Ministro de Justicia durante los años 2004-2006 y ha sido, asimismo, Magistrada suplente de la Audiencia Provincial de Alicante. En la actualidad y desde al año 1992 es colegiada no ejerciente del Ilustre Colegio de abogados de Elche. Es investigadora principal del proyecto de investigación financiado por la Generalitat Valenciana, Consellería d’Educació cultura i esports (AICO/20017/161) “La era digital: nuevos problemas para el Derecho”.</p>
<p><strong><br />
PALOMA ARRABAL PLATERO (IP)</strong> <img loading="lazy" src="https://procesal-ods-ia.umh.es/files/2020/10/20191029_193203-1-300x192.jpg" alt="" width="300" height="192" class="alignnone size-medium wp-image-39" srcset="https://procesal-ods-ia.umh.es/files/2020/10/20191029_193203-1-300x192.jpg 300w, https://procesal-ods-ia.umh.es/files/2020/10/20191029_193203-1-768x491.jpg 768w, https://procesal-ods-ia.umh.es/files/2020/10/20191029_193203-1-1024x655.jpg 1024w" sizes="(max-width: 300px) 100vw, 300px" /><br />
Licenciada en Derecho por la Universidad Miguel Hernández y Doctora en Derecho por esa misma Universidad en el Programa de excelencia de Doctorado en Ciencias Sociales y Jurídicas (2019) con la máxima calificación (sobresaliente Cum Laude por unanimidad) y la mención internacional. Tesis realizada con la ayuda económica de la Fundación Privada Manuel Serra Domínguez. Asistencia a más de X horas de formación específica en diversos cursos, jornadas y congresos.<br />
Publicada una monografía de más de cuatrocientas páginas en la prestigiosa editorial Tirant Lo Blanch, un capítulo de libro en un libro colectivo de la misma editorial con ocho citas -y dos en prensa- y tres artículos (dos en la Revista General de Derecho Procesal (revista de nivel A, electrónica con 34 índices Latindex) de los cuales, uno ha sido citado en nueve ocasiones; y el otro tiena una extensión de cuarenta páginas y ha sido aceptado en la editorial XXXX, en prensa). Las publicaciones se han realizado en editoriales de reconocido prestigio y sobre una pluralidad de temas propios de Derecho procesal: la videovigilancia en el ámbito laboral, la prueba tecnológica, la protección del Derecho al honor, la intervención policial de las comunicaciones, etc. Ponente de cursos, jornadas o congresos especializados en Derecho procesal.<br />
Dos estancias de investigación internacionales predoctorales que suman un total de tres meses -en la Pontificia Universidad Católica del Perú y en el Institut für Strafrecht und Strafprozessrecht, Albert-Ludwigs-Universität Freiburg im Breisgau (Alemania)-; una estancia nacional predoctoral en la Universidad de Alicante y una estancia posdoctoral en el Max-Planck-Institut für ausländiches und internationales Privatrecht de Hamburgo (Alemania) de un mes y veinte días. Coordinadora, secretaria, directora y moderadora de diversos seminarios, Congresos o jornadas de ámbito nacional o internacional. Miembro de grupos de investigación de distintas Universidades.<br />
Profesora ayudante en la Universidad Miguel Hernández, con 763,2 horas de docencia impartida, tanto en Grado (en las asignaturas de Derecho procesal penal, Derecho procesal civil y Derecho procesal laboral), como en Máster (en la asignatura de práctica laboral especializada) con evaluaciones notables; además de docencia internacional en la Pontificia Universidad Católica del Perú. Participación en redes y proyectos de innovación docente y cinco capítulos de libro de innovación docente. Tutora de trece TFM del Máster en Abogacía de la UMH, nueve TFG del Grado en Derecho y un TFG del Grado en Ciencias Políticas y Gestión Pública y otro en Relaciones Laborales y Recursos Humanos. Participación en el programa de divulgación científica Onda Universitas, de Radio 5 (RNE).</p>
<p></p>

<p>OLGA FUENTES SORIANO<br />
Catedrática de Derecho procesal en la Universidad Miguel Hernández de Elche, desde el año 2004. Se licenció en Derecho por la Universidad de Alicante en el año 1992 y se doctoró por dicha Universidad en el año 1997 con una Tesis Doctoral sobre el procedimiento de ejecución hipotecaria.<br />
La realización de la tesis [&#8230;]</p>
